 the prime factors of d/(-5) + (-1)/p.
3
Let b(p) be the third derivative of p**6/120 - p**5/30 + p**4/12 - 2*p**3/3 + 5*p**2. What are the prime factors of b(3)?
11
Suppose -f = 3*q - 28, 0 = -5*q + 5 + 5. Suppose 2*y - 32 = -3*s, -y + f = s + 7. List the prime factors of y.
13
Let o = 5 + -1. Suppose o*f = l - 16, f = -4*l + 3*f + 50. Suppose 0 = -3*t + l, -16 = -2*m - 2*m + t. List the prime factors of m.
5
Let g(l) = -l - 1. Let w be g(-1). Suppose w*n + 29 = -3*m + 4*n, -12 = 3*n. What are the prime factors of ((-35)/m)/((-1)/(-3))?
7
Let u(r) = 9*r**2 - 4*r + 5. What are the prime factors of u(3)?
2, 37
Suppose 0*w + 7 = j - w, 0 = j + 4*w + 13. Suppose j*k + 0*k - 24 = 0. Let h = 0 + k. List the prime factors of h.
2
Let f(j) be the first derivative of 2*j**3/3 - j**2 + 7*j - 9. What are the prime factors of f(5)?
47
Let g(x) = -x**3 + 7*x - 3. Let v be g(5). What are the prime factors of (-2)/(-3) - v/9?
11
Let u(k) = k**3 + 12*k**2 - 2*k - 14. Let v be u(-12). Let j(f) = -f**2 + 12*f + 12. What are the prime factors of j(v)?
2
Let p = -56 + 143. What are the prime factors of p?
3, 29
Suppose -2*j - 162 = -4*j. List the prime factors of j.
3
Suppose -6*y = -14*y + 592. What are the prime factors of y?
2, 37
Let d(g) be the third derivative of -g**6/120 + g**5/6 + g**4/2 - 3*g**3/2 - g**2. List the prime factors of d(11).
2
Let n = 185 - 120. List the prime factors of n.
5, 13
List the prime factors of (-1032)/(-32) + (-1)/4.
2
Suppose -x - x + 6 = 0. Suppose 8 = x*p + p. List the prime factors of p.
2
Let w(g) = g - 6. Let k(b) = 3*b - 21. Let v(p) = 5*k(p) - 18*w(p). List the prime factors of v(-7).
2, 3
Let c = -5 + 5. Let w = 6 + c. Let n(d) = d**2 - 5*d + 9. List the prime factors of n(w).
3, 5
Suppose 25 - 95 = -5*x. What are the prime factors of x?
2, 7
Suppose -s + 63 = -3*m, 4*s = 2*m - 3*m + 291. List the prime factors of s/3 + (4 - 2).
2, 13
Suppose -1 = -5*i - 5*r + 4, -5*i = -4*r + 4. Let m(l) = 2 + i*l - 5 - 2*l. What are the prime factors of m(-5)?
7
Let t = 125 - 53. What are the prime factors of t?
2, 3
Suppose 6*p = p + 35. Suppose -g + 5*a + 10 = 0, -3*g - 4*a = -p*a - 42. What are the prime factors of g?
3, 5
Let f be -1 - -22 - (-12 - -14). Let d = 5 + f. What are the prime factors of d?
2, 3
Let s(t) = 2*t - 7. Let z be s(6). Suppose z*w + 28 = 3*j, 0 = -4*j + 2*w + 21 + 35. What are the prime factors of j?
2
Let n(u) = -u**2 + 17*u - 4. List the prime factors of n(8).
2, 17
Suppose -24 = 4*n - 92. Let x = n - 3. List the prime factors of x.
2, 7
Suppose 0*k = k. Suppose x + k*x = 5. Suppose x*o - 5*a - 44 + 9 = 0, -51 = -5*o - 3*a. List the prime factors of o.
3
Let n = -30 - -18. Let f(x) = -3*x**3 - x**2 - 2*x - 3. Let q be f(-2). Let i = n + q. List the prime factors of i.
3
Let t be 3*((5 - 2) + -2). Suppose 8 + 1 = t*w. Suppose w = -5*z + 13. List the prime factors of z.
2
Let w be (-6)/(-15) + 24/15. Suppose p - w*p + 19 = 0. What are the prime factors of p?
19
Suppose 0 = y + 19 - 225. What are the prime factors of y?
2, 103
Let q = -16 - -16. Suppose 77 = 5*v + 3*n, 0*v - 3*v + 4*n + 52 = q. What are the prime factors of v?
2
Let p be (20/25)/(2/10). Suppose 2 - 18 = -p*z. Suppose v = -v + z. What are the prime factors of v?
2
Let l be (2/(-1))/((-5)/(-15)). Let u = 1 - l. What are the prime factors of u?
7
List the prime factors of -6*(-2)/((-20)/(-205)).
3, 41
Suppose -2*d + 3*c + 5 = -5, 2*c + 4 = 0. Suppose 4*w - 144 = d*m, -3*w - w = m - 144. Suppose z + w = 5*z. What are the prime factors of z?
3
Let j(a) be the second derivative of 0*a + 0*a + a**3 + 0*a**3 + 2*a**2 - 5*a. What are the prime factors of j(3)?
2, 11
What are the prime factors of 6/(((-3)/14)/(-1))?
2, 7
Let m(v) = 10*v**2 + 3*v + 5. List the prime factors of m(-2).
3, 13
Suppose 13*g = -1153 + 5573. List the prime factors of g.
2, 5, 17
Let y(j) = -5*j - 5. What are the prime factors of y(-14)?
5, 13
Let u(v) = v**3 - 6*v**2 - 5*v + 1. List the prime factors of u(7).
3, 5
Suppose 3*w - 13 = 2*w. Let a be 45 - ((-2)/(-1) + 0). Suppose -w = 3*m + 5*l - a, 5*l + 50 = 5*m. What are the prime factors of m?
2, 5
Suppose 0 = -h + 11 + 9. Suppose 4*n = 2*t + 38, -4*n + 4*t = -60 + h. List the prime factors of n.
3
Suppose 3*v - 99 - 21 = 0. What are the prime factors of v?
2, 5
What are the prime factors of ((-3)/2)/((-3)/398)?
199
Let m = 66 - 63. List the prime factors of m.
3
Suppose -3*y - 5*y = -1272. What are the prime factors of y?
3, 53
Let r(s) = s**2 + 5*s + 9. Let o be r(-6). Let b = o - 1. What are the prime factors of b?
2, 7
Suppose 5*u = 3*g - 4, -3*u - 6 = 4*g - 50. List the prime factors of g.
2
Suppose -2 + 62 = 3*x. Suppose -5*h + 2*c + 43 = -c, -x = -3*h - 4*c. List the prime factors of h.
2
Let i = 241 - 7. What are the prime factors of i?
2, 3, 13
Let a(g) = -5*g + 3. Let z be a(-7). Suppose 3*x = 61 + z. What are the prime factors of x?
3, 11
List the prime factors of ((-28)/(-6))/(12/54).
3, 7
Suppose -2*p = -3*g - 89, -p - 4*g = -38 - 34. What are the prime factors of p?
2, 13
Let i = 309 - 183. What are the prime factors of i?
2, 3, 7
Let r(f) = -f**3 + 2*f**2 + 5*f - 2. Let j be r(3). Let n be 10/(-4) + 2/4. Let c = n + j. List the prime factors of c.
2
Suppose -4*t + 15 = -1. Let a = 0 + t. List the prime factors of a.
2
Let r(w) = -w**2 - 17*w - 13. What are the prime factors of r(-7)?
3, 19
Let p(r) = -r**3 - 3*r**2 - 5*r. List the prime factors of p(-4).
2, 3
Suppose 3*a - 4*a - 4*w = 36, 2*a = 3*w - 83. Let p = 25 + a. Let n = -9 - p. List the prime factors of n.
2, 3
Let y = -10 - -9. What are the prime factors of 1 + 1 - 0 - y?
3
List the prime factors of 6/(-27) + (-708)/(-27).
2, 13
Let g(w) = w**2 + 5*w + 1. What are the prime factors of g(-7)?
3, 5
Suppose 0 = -2*p + p + 4. Suppose 0*t = -3*d - t + 13, -18 = -p*d - t. List the prime factors of d.
5
Suppose -5*i + i = -56. Let n = 21 - i. List the prime factors of n.
7
Suppose -3*f = 3*u + 27, -u + 0*u + 5*f + 9 = 0. List the prime factors of u/(-4) - 182/(-28).
2
Let t be 44/12 + 2/6. Suppose 3*f = 5*q + t - 26, -2*q + 11 = f. What are the prime factors of q?
5
What are the prime factors of -1 - (-10)/3*3?
3
Let n(y) = -19*y. List the prime factors of n(-1).
19
Let o(a) be the first derivative of -a**2/2 + a - 1. Let h be o(-4). Suppose 2*g + 3 = -g + 3*t, h*g + 4*t = 40. What are the prime factors of g?
2
Suppose 0 = -5*r + 7*r - 452. What are the prime factors of r?
2, 113
Let c = -18 - -41. What are the prime factors of c?
23
Suppose 0 = -2*q - 2 - 0. Let x(c) = 2*c**2 - 2*c - 1. Let u be x(q). Suppose 0 = 3*a - d - 33, 2*a - u*d - 8 = 21. List the prime factors of a.
2, 5
Suppose -1 = w + z, 2*w + z + 13 = -3*w. Let b(q) = 2*q. Let y be b(w). What are the prime factors of 16*(2 - y/(-4))?
2
Let a be (-6)/(-4)*2/3. Let s = a + 1. List the prime factors of (-9)/s*(2 + -4).
3
Suppose 0 = 2*w - 62 + 10. Suppose 0 = 3*v - 5*v + w. List the prime factors of v.
13
Let d(r) = r + 4. Let y(g) = 2*g + 3. Let c(k) = 3*d(k) - 2*y(k). Let w be (-5 - -7) + -8*1. List the prime factors of c(w).
2, 3
Suppose -3*y = x - 129, 9*y - 4*x - 198 = 4*y. What are the prime factors of y?
2, 3, 7
Let m be 6/(-15) + (-372)/20. Let n = 48 + m. List the prime factors of n.
29
List the prime factors of (89*-1)/(-9 - -8).
89
Suppose -3*s + 102 = 39. Suppose -2*i = -5*d - 27, i = -3*d + s - 2. List the prime factors of i.
2
Let m(k) = k**3 + k**2 + k + 3. Let b be 2/(-3) + (-4)/(-6). Let a be m(b). Suppose 40 = a*u - 2. List the prime factors of u.
2, 7
Let b = 3 - -1. Suppose -2*n - 10 = -b. What are the prime factors of n*3/((-27)/33)?
11
Let r(w) = -w - 10. Let z be r(-5). List the prime factors of 16/2 - (-5 - z).
2
Suppose -2*f + 22 = -38. What are the prime factors of f?
2, 3, 5
Let y be (-2)/4 + 270/20. Let u = 21 - y. List the prime factors of 37/2 - 4/u.
2, 3
Let l = 2 - 1. Let x(y) = 6*y**2 - 1. Let k be x(2). Suppose -k = -2*g + l. List the prime factors of g.
2, 3
Let a(n) = -2*n - 6. Suppose 4*z = -26 + 6. Let l be a(z). Let o(t) = t**3 - 3*t**2 - 3*t - 2. What are the prime factors of o(l)?
2
Let u(j) = 3*j - 5. Let x be u(3). Suppose 3*v = x*k - 25, 4*v + 16 = 4. List the prime factors of k.
2
Let z be (-58)/(-3) + (-9)/27. Let v = 37 - 26. Let r = z - v. List th